ase 5
2430
What is 111 (base 4) in base 16?
15
-76 (base 10) to base 5
-301
Convert -102 (base 5) to base 13.
-21
What is -22 (base 11) in base 2?
-11000
What is -1 (base 9) in base 14?
-1
Convert 1 (base 3) to base 7.
1
12 (base 8) to base 15
a
131 (base 5) to base 13
32
Convert 15 (base 16) to base 10.
21
ca (base 15) to base 9
231
28 (base 12) to base 13
26
-11233 (base 4) to base 15
-197
-201 (base 3) to base 2
-10011
-11e (base 16) to base 13
-190
-30 (base 4) to base 9
-13
What is 1 (base 16) in base 11?
1
Convert 194 (base 11) to base 2.
11100000
Convert 3122 (base 4) to base 12.
162
-10 (base 9) to base 15
-9
What is 0 (base 16) in base 10?
0
-101 (base 3) to base 7
-13
What is 17 (base 16) in base 2?
10111
Convert -2211 (base 4) to base 3.
-20010
c0 (base 14) to base 4
2220
Convert 7 (base 16) to base 7.
10
Convert 15 (base 14) to base 8.
23
What is 0 (base 3) in base 7?
0
Convert 11 (base 2) to base 4.
3
240 (base 7) to base 11
105
What is -1 (base 12) in base 10?
-1
What is 0 (base 15) in base 13?
0
-2210 (base 3) to base 9
-83
-a2 (base 12) to base 8
-172
What is 1110111 (base 2) in base 15?
7e
-4 (base 16) to base 14
-4
What is 4 (base 7) in base 2?
100
Convert 1 (base 13) to base 15.
1
What is 10 (base 2) in base 6?
2
What is -14 (base 12) in base 11?
-15
What is 30 (base 8) in base 12?
20
What is -21 (base 6) in base 15?
-d
Convert -1 (base 10) to base 2.
-1
303 (base 4) to base 12
43
45 (base 10) to base 14
33
What is -237 (base 10) in base 9?
-283
Convert -32 (base 5) to base 8.
-21
3022 (base 4) to base 3
21111
What is 301 (base 6) in base 16?
6d
Convert -130 (base 9) to base 12.
-90
13 (base 4) to base 10
7
16 (base 12) to base 15
13
Convert -4 (base 13) to base 4.
-10
What is -1101 (base 2) in base 3?
-111
-2 (base 9) to base 16
-2
Convert 2 (base 16) to base 10.
2
Convert 103 (base 5) to base 15.
1d
What is 12 (base 11) in base 10?
13
-50 (base 7) to base 15
-25
Convert 34 (base 15) to base 4.
301
What is -10 (base 8) in base 4?
-20
What is 2 (base 9) in base 13?
2
-120 (base 3) to base 12
-13
8 (base 9) to base 3
22
Convert -5 (base 16) to base 11.
-5
11 (base 7) to base 10
8
What is 0 (base 6) in base 9?
0
Convert -4 (base 9) to base 15.
-4
What is 0 (base 7) in base 14?
0
-101 (base 5) to base 2
-11010
167 (base 11) to base 14
dc
20 (base 3) to base 4
12
-8 (base 10) to base 9
-8
Convert 1230 (base 4) to base 3.
11000
1 (base 7) to base 10
1
1 (base 5) to base 8
1
-101011 (base 2) to base 3
-1121
What is a (base 16) in base 15?
a
-27 (base 13) to base 4
-201
Convert 40 (base 5) to base 12.
18
What is -2 (base 7) in base 5?
-2
What is -10 (base 4) in base 10?
-4
Convert -5 (base 9) to base 7.
-5
1100 (base 2) to base 6
20
Convert 5 (base 10) to base 16.
5
1 (base 5) to base 9
1
What is 3 (base 5) in base 16?
3
What is -203 (base 5) in base 14?
-3b
Convert 11 (base 7) to base 14.
8
What is -21 (base 11) in base 13?
-1a
Convert 121 (base 14) to base 5.
1400
Convert -45 (base 6) to base 10.
-29
Convert 1 (base 14) to base 2.
1
Convert 10 (base 2) to base 4.
2
-c (base 15) to base 6
-20
Convert -2 (base 14) to base 10.
-2
Convert -32 (base 8) to base 4.
-122
-2 (base 3) to base 15
-2
What is -121 (base 8) in base 13?
-63
1 (base 3) to base 10
1
Convert 52 (base 6) to base 15.
22
1 (base 7) to base 8
1
24 (base 7) to base 6
30
What is -204 (base 5) in base 4?
-312
104 (base 6) to base 2
101000
What is 21 (base 14) in base 2?
11101
2 (base 3) to base 15
2
What is 96 (base 10) in base 15?
66
Convert -9 (base 12) to base 4.
-21
Convert 24 (base 7) to base 11.
17
14 (base 8) to base 11
11
What is -4 (base 13) in base 11?
-4
What is -68 (base 11) in base 5?
-244
Convert 2d (base 14) to base 9.
45
1 (base 6) to base 16
1
Convert -55 (base 11) to base 10.
-60
What is -10 (base 4) in base 14?
-4
What is 21 (base 10) in base 9?
23
-10200 (base 3) to base 10
-99
Convert 33 (base 13) to base 5.
132
What is -11 (base 7) in base 14?
-8
Convert 2 (base 15) to base 9.
2
12101 (base 3) to base 13
b2
What is -2 (base 11) in base 7?
-2
-76 (base 14) to base 13
-80
-14 (base 11) to base 12
-13
Convert -17 (base 9) to base 5.
-31
3 (base 7) to base 13
3
Convert 34 (base 8) to base 12.
24
-122 (base 7) to base 12
-55
6 (base 8) to base 12
6
What is -3 (base 15) in base 11?
-3
What is -5 (base 9) in base 5?
-10
What is 5 (base 11) in base 5?
10
What is -6 (base 15) in base 4?
-12
-3 (base 12) to base 8
-3
-e (base 15) to base 2
-1110
What is 2 (base 11) in base 2?
10
-24 (base 5) to base 2
-1110
Convert 2013 (base 4) to base 2.
10000111
Convert -1 (base 13) to base 2.
-1
-21 (base 3) to base 8
-7
Convert 1 (base 7) to base 12.
1
3 (base 11) to base 13
3
What is -2 (base 3) in base 9?
-2
Convert -21 (base 4) to base 15.
-9
What is 1e (base 15) in base 6?
45
What is -1212 (base 3) in base 5?
-200
Convert 28 (base 11) to base 7.
42
What is -1 (base 4) in base 5?
-1
132 (base 14) to base 2
11110000
5 (base 12) to base 14
5
Convert -18 (base 12) to base 16.
-14
-101 (base 2) to base 13
-5
5 (base 7) to base 15
5
Convert -2 (base 12) to base 4.
-2
What is 1 (base 7) in base 9?
1
Convert 2 (base 7) to base 9.
2
Convert -185 (base 10) to base 13.
-113
-1 (base 14) to base 11
-1
What is 55 (base 7) in base 8?
50
-8 (base 16) to base 6
-12
What is -98 (base 11) in base 4?
-1223
-94 (base 11) to base 14
-75
What is -33 (base 4) in base 6?
-23
3 (base 15) to base 5
3
What is -5 (base 15) in base 9?
-5
17 (base 10) to base 9
18
What is 10 (base 4) in base 6?
4
221 (base 4) to base 10
41
Convert -2 (base 5) to base 4.
-2
Convert 1210 (base 3) to base 14.
36
Convert -22 (base 9) to base 2.
-10100
What is -300 (base 4) in base 6?
-120
11a (base 15) to base 9
307
-12 (base 3) to base 14
-5
24 (base 9) to base 11
20
-1010 (base 3) to base 14
-22
68 (base 11) to base 12
62
Convert -122 (base 5) to base 9.
-41
1101 (base 2) to base 9
14
What is 24 (base 7) in base 2?
10010
555 (base 7) to base 4
10131
Convert 238 (base 9) to base 15.
d2
Convert 6 (base 13) to base 4.
12
10 (base 8) to base 14
8
Convert 5 (base 16) to base 11.
5
Convert 144 (base 11) to base 3.
20021
Convert 12 (base 4) to base 12.
6
What is -2 (base 5) in base 16?
-2
What is -112000 (base 3) in base 2?
-101111010
What is 10 (base 16) in base 7?
22
-4 (base 16) to base 15
-4
-10110 (base 2) to base 12
-1a
Convert -c4 (base 15) to base 11.
-158
4 (base 8) to base 11
4
Convert -112 (base 8) to base 6.
-202
Convert 59 (base 16) to base 9.
108
What is -4 (base 10) in base 4?
-10
-13 (base 16) to base 11
-18
What is -3e (base 16) in base 4?
-332
Convert 9 (base 15) to base 2.
1001
Convert -2 (base 4) to base 9.
-2
Convert -13 (base 8) to base 10.
-11
What is 5 (base 8) in base 15?
5
Convert -260 (base 9) to base 14.
-116
What is -14 (base 6) in base 9?
-11
Convert -2 (base 8) to base 7.
-2
What is 134 (base 12) in base 6?
504
What is 8 (base 15) in base 5?
13
Convert -101 (base 9) to base 3.
-10001
-1101 (base 2) to base 14
-d
Convert -3 (base 6) to base 9.
-3
14 (base 5) to base 15
9
Convert 414 (base 6) to base 12.
10a
What is -10 (base 8) in base 12?
-8
What is -10 (base 15) in base 11?
-14
-60 (base 7) to base 5
-132
What is -3 (base 5) in base 12?
-3
Convert 36 (base 8) to base 15.
20
Convert -173 (base 10) to base 15.
-b8
Convert -441 (base 5) to base 3.
-11111
Convert -1a9 (base 11) to base 12.
-180
-4 (base 9) to base 3
-11
Convert -131 (base 10) to base 6.
-335
What is 1011001 (base 2) in base 15?
5e
What is 53 (base 7) in base 13?
2c
What is 231 (base 6) in base 3?
10101
4 (base 11) to base 7
4
7 (base 12) to base 5
12
16 (base 13) to base 10
19
Convert 30 (base 4) to base 13.
c
2 (base 4) to base 12
2
-16 (base 8) to base 10
-14
Convert 2 (base 5) to base 14.
2
What is -1 (base 10) in base 8?
-1
Convert a (base 15) to base 2.
1010
Convert -3 (base 8) to base 9.
-3
-129 (base 10) to base 3
-11210
Convert -113 (base 4) to base 10.
-23
-54 (base 10) to base 3
-2000
4 (base 10) to base 6
4
1 (base 2) to base 15
1
Convert 35 (base 8) to base 2.
11101
-1 (base 15) to base 16
-1
80 (base 12) to base 3
10120
What is -4 (base 7) in base 2?
-100
What is -21 (base 6) in base 8?
-15
What is 21 (base 5) in base 2?
1011
0 (base 2) to base 13
0
-2 (base 10) to base 3
-2
Convert -3 (base 15) to base 14.
-3